{"id":2100,"date":"2025-08-12T14:15:28","date_gmt":"2025-08-12T14:15:28","guid":{"rendered":"https:\/\/arrendavalor.com\/?page_id=2100"},"modified":"2025-08-20T13:23:23","modified_gmt":"2025-08-20T13:23:23","slug":"sobre-nos-final","status":"publish","type":"page","link":"https:\/\/arrendavalor.com\/?page_id=2100","title":{"rendered":"Sobre n\u00f3s Final"},"content":{"rendered":"\t\t<div data-elementor-type=\"wp-page\" data-elementor-id=\"2100\" class=\"elementor elementor-2100\">\n\t\t\t\t<div class=\"elementor-element elementor-element-266d18b e-con-full e-flex e-con e-parent\" data-id=\"266d18b\" data-element_type=\"container\">\n\t\t<div class=\"elementor-element elementor-element-6d06fe4 e-con-full e-flex e-con e-child\" data-id=\"6d06fe4\" data-element_type=\"container\" data-settings=\"{&quot;background_background&quot;:&quot;classic&quot;}\">\n\t\t<div class=\"elementor-element elementor-element-7100b70 e-con-full e-flex e-con e-child\" data-id=\"7100b70\" data-element_type=\"container\">\n\t\t\t\t<div class=\"elementor-element elementor-element-b9a7793 elementor-widget__width-initial elementor-widget elementor-widget-heading\" data-id=\"b9a7793\" data-element_type=\"widget\" data-widget_type=\"heading.default\">\n\t\t\t\t<div class=\"elementor-widget-container\">\n\t\t\t\t\t<h1 class=\"elementor-heading-title elementor-size-default\">Colocamos o cliente no centro de tudo o que fazemos.<\/h1>\t\t\t\t<\/div>\n\t\t\t\t<\/div>\n\t\t\t\t<\/div>\n\t\t\t\t<\/div>\n\t\t<div class=\"elementor-element elementor-element-f368297 e-con-full e-flex e-con e-child\" data-id=\"f368297\" data-element_type=\"container\">\n\t\t<div class=\"elementor-element elementor-element-3829eb1 e-con-full e-flex e-con e-child\" data-id=\"3829eb1\" data-element_type=\"container\">\n\t\t\t\t<div class=\"elementor-element elementor-element-9205044 elementor-widget__width-initial elementor-widget elementor-widget-image\" data-id=\"9205044\" data-element_type=\"widget\" data-widget_type=\"image.default\">\n\t\t\t\t<div class=\"elementor-widget-container\">\n\t\t\t\t\t\t\t\t\t\t\t\t\t\t\t<img fetchpriority=\"high\" decoding=\"async\" width=\"768\" height=\"979\" src=\"https:\/\/arrendavalor.com\/wp-content\/uploads\/2025\/08\/maria-ziegler-jJnZg7vBfMs-unsplash-e1754998436265-768x979.jpg\" class=\"attachment-medium_large size-medium_large wp-image-2165\" alt=\"\" srcset=\"https:\/\/arrendavalor.com\/wp-content\/uploads\/2025\/08\/maria-ziegler-jJnZg7vBfMs-unsplash-e1754998436265-768x979.jpg 768w, https:\/\/arrendavalor.com\/wp-content\/uploads\/2025\/08\/maria-ziegler-jJnZg7vBfMs-unsplash-e1754998436265-235x300.jpg 235w, https:\/\/arrendavalor.com\/wp-content\/uploads\/2025\/08\/maria-ziegler-jJnZg7vBfMs-unsplash-e1754998436265-803x1024.jpg 803w, https:\/\/arrendavalor.com\/wp-content\/uploads\/2025\/08\/maria-ziegler-jJnZg7vBfMs-unsplash-e1754998436265-1205x1536.jpg 1205w, https:\/\/arrendavalor.com\/wp-content\/uploads\/2025\/08\/maria-ziegler-jJnZg7vBfMs-unsplash-e1754998436265.jpg 1412w\" sizes=\"(max-width: 768px) 100vw, 768px\" \/>\t\t\t\t\t\t\t\t\t\t\t\t\t\t\t<\/div>\n\t\t\t\t<\/div>\n\t\t\t\t<\/div>\n\t\t\t\t<\/div>\n\t\t\t\t<\/div>\n\t\t<div class=\"elementor-element elementor-element-65f5f44 e-flex e-con-boxed e-con e-parent\" data-id=\"65f5f44\" data-element_type=\"container\">\n\t\t\t\t\t<div class=\"e-con-inner\">\n\t\t<div class=\"elementor-element elementor-element-0ff3df4 e-con-full e-flex e-con e-child\" data-id=\"0ff3df4\" data-element_type=\"container\">\n\t\t\t\t<div class=\"elementor-element elementor-element-f128b73 elementor-widget elementor-widget-heading\" data-id=\"f128b73\" data-element_type=\"widget\" data-widget_type=\"heading.default\">\n\t\t\t\t<div class=\"elementor-widget-container\">\n\t\t\t\t\t<h2 class=\"elementor-heading-title elementor-size-default\">Sobre n\u00f3s<\/h2>\t\t\t\t<\/div>\n\t\t\t\t<\/div>\n\t\t\t\t<div class=\"elementor-element elementor-element-9c2fb3c elementor-widget elementor-widget-text-editor\" data-id=\"9c2fb3c\" data-element_type=\"widget\" data-widget_type=\"text-editor.default\">\n\t\t\t\t<div class=\"elementor-widget-container\">\n\t\t\t\t\t\t\t\t\t<p><span style=\"white-space-collapse: preserve;\">O nosso prop\u00f3sito \u00e9 guiado pela convic\u00e7\u00e3o de que a confian\u00e7a se conquista atrav\u00e9s de resultados concretos.<br \/>O nosso compromisso \u00e9 simplificar e profissionalizar o investimento imobili\u00e1rio, criando rela\u00e7\u00f5es duradouras e transparentes com os nossos clientes.<\/span><\/p><p>Ap\u00f3s v\u00e1rios anos de experi\u00eancia no setor, percebemos uma realidade comum entre muitos investidores: mesmo comprando im\u00f3veis a pre\u00e7os vantajosos, a gest\u00e3o ineficiente impedia o verdadeiro aproveitamento do investimento.<br \/>Era frequente vermos patrim\u00f3nios mal geridos, com potencial desaproveitado e, sobretudo, muito tempo desperdi\u00e7ado com tarefas que podiam, e deviam, ser otimizadas.<\/p><p>Foi a partir dessa constata\u00e7\u00e3o que decidimos agir. Cri\u00e1mos um servi\u00e7o que vai al\u00e9m da gest\u00e3o tradicional: oferecemos solu\u00e7\u00f5es estrat\u00e9gicas, orientadas para resultados, efici\u00eancia e tranquilidade. Cuidamos da opera\u00e7\u00e3o, valorizamos o im\u00f3vel e libertamos o tempo dos nossos clientes, para que possam focar-se no que realmente importa.<\/p>\t\t\t\t\t\t\t\t<\/div>\n\t\t\t\t<\/div>\n\t\t\t\t<\/div>\n\t\t<div class=\"elementor-element elementor-element-44bfd37 e-con-full e-flex e-con e-child\" data-id=\"44bfd37\" data-element_type=\"container\">\n\t\t<div class=\"elementor-element elementor-element-2c81bff e-con-full e-flex e-con e-child\" data-id=\"2c81bff\" data-element_type=\"container\">\n\t\t\t\t<div class=\"elementor-element elementor-element-aef183b elementor-widget-tablet__width-initial elementor-widget elementor-widget-image\" data-id=\"aef183b\" data-element_type=\"widget\" data-widget_type=\"image.default\">\n\t\t\t\t<div class=\"elementor-widget-container\">\n\t\t\t\t\t\t\t\t\t\t\t\t\t\t\t<img decoding=\"async\" width=\"544\" height=\"678\" src=\"https:\/\/arrendavalor.com\/wp-content\/uploads\/2024\/02\/Foto-TOLC-E.jpg\" class=\"attachment-medium_large size-medium_large wp-image-1437\" alt=\"\" srcset=\"https:\/\/arrendavalor.com\/wp-content\/uploads\/2024\/02\/Foto-TOLC-E.jpg 544w, https:\/\/arrendavalor.com\/wp-content\/uploads\/2024\/02\/Foto-TOLC-E-241x300.jpg 241w\" sizes=\"(max-width: 544px) 100vw, 544px\" \/>\t\t\t\t\t\t\t\t\t\t\t\t\t\t\t<\/div>\n\t\t\t\t<\/div>\n\t\t\t\t<\/div>\n\t\t<div class=\"elementor-element elementor-element-1c6b9fb e-con-full e-flex e-con e-child\" data-id=\"1c6b9fb\" data-element_type=\"container\">\n\t\t\t\t<div class=\"elementor-element elementor-element-fce485e elementor-widget elementor-widget-heading\" data-id=\"fce485e\" data-element_type=\"widget\" data-widget_type=\"heading.default\">\n\t\t\t\t<div class=\"elementor-widget-container\">\n\t\t\t\t\t<h2 class=\"elementor-heading-title elementor-size-default\">Duarte Veloso \u2013 Fundador<\/h2>\t\t\t\t<\/div>\n\t\t\t\t<\/div>\n\t\t\t\t<div class=\"elementor-element elementor-element-3f38c3c elementor-widget-tablet__width-initial elementor-widget elementor-widget-text-editor\" data-id=\"3f38c3c\" data-element_type=\"widget\" data-widget_type=\"text-editor.default\">\n\t\t\t\t<div class=\"elementor-widget-container\">\n\t\t\t\t\t\t\t\t\t<p>A minha jornada no mercado imobili\u00e1rio come\u00e7ou cedo, aos 20 anos. Desde ent\u00e3o, dedico-me ao segmento de investimento, onde encontrei a combina\u00e7\u00e3o ideal entre an\u00e1lise estrat\u00e9gica e cria\u00e7\u00e3o de valor real. Ao longo dos anos, tive a oportunidade de acompanhar diversos perfis de investidores e propriedades, o que me deu uma vis\u00e3o pr\u00e1tica e completa do setor.<\/p><p>Hoje, lidero esta empresa com a miss\u00e3o de ajudar outros a investir melhor, gerir com intelig\u00eancia e obter o m\u00e1ximo retorno, sem complica\u00e7\u00f5es.<\/p>\t\t\t\t\t\t\t\t<\/div>\n\t\t\t\t<\/div>\n\t\t\t\t<\/div>\n\t\t\t\t<\/div>\n\t\t\t\t<div class=\"elementor-element elementor-element-735d269 elementor-mobile-align-left elementor-widget-mobile__width-initial elementor-hidden-desktop elementor-tablet-align-center elementor-widget elementor-widget-button\" data-id=\"735d269\" data-element_type=\"widget\" data-widget_type=\"button.default\">\n\t\t\t\t<div class=\"elementor-widget-container\">\n\t\t\t\t\t\t\t\t\t<div class=\"elementor-button-wrapper\">\n\t\t\t\t\t<a class=\"elementor-button elementor-button-link elementor-size-sm\" href=\"https:\/\/arrendavalor.com\/?page_id=2294\">\n\t\t\t\t\t\t<span class=\"elementor-button-content-wrapper\">\n\t\t\t\t\t\t\t\t\t<span class=\"elementor-button-text\">Entre em contato<\/span>\n\t\t\t\t\t<\/span>\n\t\t\t\t\t<\/a>\n\t\t\t\t<\/div>\n\t\t\t\t\t\t\t\t<\/div>\n\t\t\t\t<\/div>\n\t\t\t\t\t<\/div>\n\t\t\t\t<\/div>\n\t\t<div class=\"elementor-element elementor-element-8024e4a e-con-full e-flex e-con e-parent\" data-id=\"8024e4a\" data-element_type=\"container\" data-settings=\"{&quot;background_background&quot;:&quot;classic&quot;}\">\n\t\t<div class=\"elementor-element elementor-element-cf7526d e-grid e-con-full e-con e-child\" data-id=\"cf7526d\" data-element_type=\"container\">\n\t\t<div class=\"elementor-element elementor-element-e29d426 e-con-full e-flex e-con e-child\" data-id=\"e29d426\" data-element_type=\"container\">\n\t\t\t\t<div class=\"elementor-element elementor-element-0d69624 elementor-widget elementor-widget-heading\" data-id=\"0d69624\" data-element_type=\"widget\" data-widget_type=\"heading.default\">\n\t\t\t\t<div class=\"elementor-widget-container\">\n\t\t\t\t\t<h2 class=\"elementor-heading-title elementor-size-default\">15%<\/h2>\t\t\t\t<\/div>\n\t\t\t\t<\/div>\n\t\t\t\t<div class=\"elementor-element elementor-element-5609c77 elementor-widget elementor-widget-text-editor\" data-id=\"5609c77\" data-element_type=\"widget\" data-widget_type=\"text-editor.default\">\n\t\t\t\t<div class=\"elementor-widget-container\">\n\t\t\t\t\t\t\t\t\t<p>M\u00e9dia de valoriza\u00e7\u00e3o anual<\/p>\t\t\t\t\t\t\t\t<\/div>\n\t\t\t\t<\/div>\n\t\t\t\t<\/div>\n\t\t<div class=\"elementor-element elementor-element-cbb5552 e-con-full e-flex e-con e-child\" data-id=\"cbb5552\" data-element_type=\"container\">\n\t\t\t\t<div class=\"elementor-element elementor-element-c3c194b elementor-widget elementor-widget-heading\" data-id=\"c3c194b\" data-element_type=\"widget\" data-widget_type=\"heading.default\">\n\t\t\t\t<div class=\"elementor-widget-container\">\n\t\t\t\t\t<h2 class=\"elementor-heading-title elementor-size-default\">11,5M<\/h2>\t\t\t\t<\/div>\n\t\t\t\t<\/div>\n\t\t\t\t<div class=\"elementor-element elementor-element-aa74c74 elementor-widget elementor-widget-text-editor\" data-id=\"aa74c74\" data-element_type=\"widget\" data-widget_type=\"text-editor.default\">\n\t\t\t\t<div class=\"elementor-widget-container\">\n\t\t\t\t\t\t\t\t\t<p>Patrim\u00f4nio sob gest\u00e3o<\/p>\t\t\t\t\t\t\t\t<\/div>\n\t\t\t\t<\/div>\n\t\t\t\t<\/div>\n\t\t<div class=\"elementor-element elementor-element-46500b8 e-con-full e-flex e-con e-child\" data-id=\"46500b8\" data-element_type=\"container\">\n\t\t\t\t<div class=\"elementor-element elementor-element-f56f27a elementor-widget elementor-widget-heading\" data-id=\"f56f27a\" data-element_type=\"widget\" data-widget_type=\"heading.default\">\n\t\t\t\t<div class=\"elementor-widget-container\">\n\t\t\t\t\t<h2 class=\"elementor-heading-title elementor-size-default\">9,5%<\/h2>\t\t\t\t<\/div>\n\t\t\t\t<\/div>\n\t\t\t\t<div class=\"elementor-element elementor-element-ea68aeb elementor-widget elementor-widget-text-editor\" data-id=\"ea68aeb\" data-element_type=\"widget\" data-widget_type=\"text-editor.default\">\n\t\t\t\t<div class=\"elementor-widget-container\">\n\t\t\t\t\t\t\t\t\t<p>Rentabilidade m\u00e9dia anual<\/p>\t\t\t\t\t\t\t\t<\/div>\n\t\t\t\t<\/div>\n\t\t\t\t<\/div>\n\t\t<div class=\"elementor-element elementor-element-ebee370 e-con-full e-flex e-con e-child\" data-id=\"ebee370\" data-element_type=\"container\">\n\t\t\t\t<div class=\"elementor-element elementor-element-e13de94 elementor-widget elementor-widget-heading\" data-id=\"e13de94\" data-element_type=\"widget\" data-widget_type=\"heading.default\">\n\t\t\t\t<div class=\"elementor-widget-container\">\n\t\t\t\t\t<h2 class=\"elementor-heading-title elementor-size-default\">100%<\/h2>\t\t\t\t<\/div>\n\t\t\t\t<\/div>\n\t\t\t\t<div class=\"elementor-element elementor-element-62aa8ad elementor-widget elementor-widget-text-editor\" data-id=\"62aa8ad\" data-element_type=\"widget\" data-widget_type=\"text-editor.default\">\n\t\t\t\t<div class=\"elementor-widget-container\">\n\t\t\t\t\t\t\t\t\t<p>Taxa de ocupa\u00e7\u00e3o<\/p>\t\t\t\t\t\t\t\t<\/div>\n\t\t\t\t<\/div>\n\t\t\t\t<\/div>\n\t\t\t\t<\/div>\n\t\t\t\t<\/div>\n\t\t\t\t<\/div>\n\t\t","protected":false},"excerpt":{"rendered":"<p>Colocamos o cliente no centro de tudo o que fazemos. Sobre n\u00f3s O nosso prop\u00f3sito \u00e9 guiado pela convic\u00e7\u00e3o de que a confian\u00e7a se conquista atrav\u00e9s de resultados concretos.O nosso compromisso \u00e9 simplificar e profissionalizar o investimento imobili\u00e1rio, criando rela\u00e7\u00f5es duradouras e transparentes com os nossos clientes. Ap\u00f3s v\u00e1rios anos de experi\u00eancia no setor, percebemos [&hellip;]<\/p>\n","protected":false},"author":2,"featured_media":0,"parent":0,"menu_order":0,"comment_status":"closed","ping_status":"closed","template":"","meta":{"footnotes":""},"class_list":["post-2100","page","type-page","status-publish","hentry"],"_links":{"self":[{"href":"https:\/\/arrendavalor.com\/index.php?rest_route=\/wp\/v2\/pages\/2100","targetHints":{"allow":["GET"]}}],"collection":[{"href":"https:\/\/arrendavalor.com\/index.php?rest_route=\/wp\/v2\/pages"}],"about":[{"href":"https:\/\/arrendavalor.com\/index.php?rest_route=\/wp\/v2\/types\/page"}],"author":[{"embeddable":true,"href":"https:\/\/arrendavalor.com\/index.php?rest_route=\/wp\/v2\/users\/2"}],"replies":[{"embeddable":true,"href":"https:\/\/arrendavalor.com\/index.php?rest_route=%2Fwp%2Fv2%2Fcomments&post=2100"}],"version-history":[{"count":173,"href":"https:\/\/arrendavalor.com\/index.php?rest_route=\/wp\/v2\/pages\/2100\/revisions"}],"predecessor-version":[{"id":3381,"href":"https:\/\/arrendavalor.com\/index.php?rest_route=\/wp\/v2\/pages\/2100\/revisions\/3381"}],"wp:attachment":[{"href":"https:\/\/arrendavalor.com\/index.php?rest_route=%2Fwp%2Fv2%2Fmedia&parent=2100"}],"curies":[{"name":"wp","href":"https:\/\/api.w.org\/{rel}","templated":true}]}}